 70/10)?
2, 3, 67
Let f(d) = -3*d + 62. Let n be f(20). Suppose -n*r - r - 2*w + 4540 = 0, 2*r = -5*w + 3045. What are the prime factors of r?
2, 5, 151
Let g be (-1641)/(-6) + -2 - (-10)/4. Suppose 42*k - g = 41*k. List the prime factors of k.
2, 137
Let l(b) = 16*b - 103. Let h be l(-8). List the prime factors of (-3047)/(-7) - (-66)/h.
3, 5, 29
Suppose 2 = 2*w - 6, -4*z + 2*w = -8. What are the prime factors of (8/(-6))/(z/(-1494))?
2, 3, 83
Suppose -q - 5*w = 2 - 4, 4*q + w = 8. Suppose -3*z + 0*z - 474 = -5*p, -q*p - 4*z + 174 = 0. List the prime factors of p.
3, 31
Let s(i) = i - 13. Let g(n) = n + 1. Let l(o) = -3*g(o) - s(o). Let d be l(0). List the prime factors of (-11)/55 - (1 + (-1502)/d).
149
Let k(q) = q**2 + 74*q + 763. Let z be k(-61). Let t be 3/(-9) - (-1344)/9. Let b = z + t. What are the prime factors of b?
7, 17
Let o = 11861 + -4416. What are the prime factors of o?
5, 1489
Suppose 3*x = 2*p + 259, -21 = -p - 23. Suppose -4*u - 985 = -4*n - x, 0 = -u - 1. What are the prime factors of n?
2, 7
List the prime factors of -8 + -429*(-8)/24.
3, 5
Let w(h) be the third derivative of -h**4/12 + h**3 + 4*h**2. Let z be w(-5). Let r = z + -13. What are the prime factors of r?
3
Let r(q) = -2*q - 2. Let w be r(-1). Let x(b) = 4 - 2*b - 4*b + w*b - b. List the prime factors of x(-4).
2
Let m(d) = 3*d + 74. Let f be m(-25). List the prime factors of (-165)/f*(-36)/(-27).
2, 5, 11
Suppose -6*d - 2696 = -662. Let c = d + 452. List the prime factors of c.
113
Let p = 18 - -8. List the prime factors of ((-4)/(-6))/(p/16731).
3, 11, 13
Let a be -6 - -8 - 262/(-2). Let w be a/49 + -3 - 4/(-14). Suppose w*v - 5*g + 381 = 2*v, -v + 192 = g. List the prime factors of v.
193
Suppose -3*q + 45 = -5*v, q + 23 = -4*v + 6*q. Let t(b) = -b**2 - 30*b - 10. What are the prime factors of t(v)?
2, 103
Suppose -1 = -2*c - 7, -x = -2*c - 26. Suppose x*l = 36*l - 8400. List the prime factors of l.
3, 5, 7
Let i(r) = -31*r - 71. Let c be 2/14 + 255/(-21). List the prime factors of i(c).
7, 43
Suppose 36 = -37*q - 38. List the prime factors of (-1124 + 38)*1/q.
3, 181
Suppose 0 = 10*g - 17*g + 21. Suppose -3*q + 2*m = -1298, -2*m = -5*q + g*q + 862. What are the prime factors of q?
2, 109
Let i be 6*-1 - (-44 + 26). What are the prime factors of 306/(-9)*(-330)/i?
5, 11, 17
What are the prime factors of (-15)/70 - (-2101858)/308?
2, 853
Let b(m) = 4*m**2 + 7*m - 442. What are the prime factors of b(22)?
2, 103
Suppose 0 = -5*t - 35, -8039 - 16887 = -3*r - 4*t. What are the prime factors of r?
2, 4159
Let j = 194 - 187. Suppose -3*a + 681 = 3*l, -2*l = -2*a - 427 - j. What are the prime factors of l?
2, 3, 37
Suppose 2*h + 2*h - 1832 = 0. Let q be 63*20/80*(-288)/(-14). Let k = h - q. List the prime factors of k.
2, 67
Let q be (0 + -1)/(0 - 1/(-3)). Let g(p) = p**2 - p + 1. Let i(l) = l**2 + 11*l - 6. Let h(k) = q*g(k) + i(k). What are the prime factors of h(6)?
3
Let o = -810 - -1195. Suppose 3*t - 5*v = 286, o + 45 = 5*t + v. List the prime factors of t.
3, 29
List the prime factors of (10/15)/(8/103680).
2, 3, 5
Let m be (1 - (-21)/(-5))/(1/(-435)). Suppose 3*u = 4*u - s - 282, -s = 5*u - m. What are the prime factors of u?
3, 31
What are the prime factors of 2/(-6) - (-24)/(1512/167979)?
2, 31, 43
Suppose 2*r + 14 = 6*b - b, -b = 3*r - 13. Suppose 6*u - 3951 + 741 = 0. Suppose -b*l - 40 = -m + 44, 3*l = -5*m + u. What are the prime factors of m?
2, 13
Suppose 4*l + 4*l - 352 = 0. Let w = -48 + l. What are the prime factors of (w + (-1 - 48))/(-1)?
53
Let k(f) be the first derivative of -3*f**4/4 - 5*f**3/3 - f**2/2 + 6*f + 50. What are the prime factors of k(-5)?
3, 29
Let i(o) = o**3 - 5*o**2 + 2*o - 6. Let f(p) = 5*p - 9. Let l be f(3). Suppose -l*s = -4*s - 10. What are the prime factors of i(s)?
2
Let s be 256/(-12)*105/(-2). Suppose 2*d = p + 5*d - 562, 0 = 2*p + 5*d - s. List the prime factors of p.
2, 5, 11
Suppose 40*r = 30*r - 29630. Let i = r - -4870. What are the prime factors of i?
1907
Let o(c) = 2*c**3 + 2*c**2 - 5*c + 2. Let v be 6 + (8 - -1)/(-3). Let l be o(v). Suppose -l = -5*x - 3*i + 2*i, i = -4*x + 47. List the prime factors of x.
2, 3
Suppose -3535 = -5*o - 3*w + 4*w, 2*w = 4*o - 2834. Let i = -594 + o. What are the prime factors of i?
2, 7
Let n = 10 - -11. Let w be (-3)/7 + n/49 + 2. Suppose w*z = -3*f - 0*z + 25, -z + 30 = 5*f. List the prime factors of f.
5
Suppose -97*q + 143*q - 434700 = 0. List the prime factors of q.
2, 3, 5, 7
Suppose 165*t + 1163504 - 1625310 = 2778794. What are the prime factors of t?
2, 5, 491
Let k(i) = 49*i**3 + 5*i**2 + 46*i - 39. List the prime factors of k(6).
3, 19, 193
Let l(o) be the second derivative of -121*o**3/6 + 24*o**2 - 35*o - 2. What are the prime factors of l(-12)?
2, 3, 5
List the prime factors of (7 + 0 - (-16450)/70)/(2/28).
2, 7, 11
Let g(q) = 4858*q + 8695. What are the prime factors of g(13)?
71849
Let o = 18 - 28. Let i(m) = -m + 10. Let g be i(8). List the prime factors of -54*(o/g)/5.
2, 3
List the prime factors of (-931)/(-133)*(-2)/14 - (-14519)/1.
2, 7, 17, 61
What are the prime factors of (-7583058)/(-330) + 56/1540?
11, 2089
Let a be (-1)/(-3) + ((-644)/6)/7. Let u = 31 + a. Let x(j) = 2*j**2 - 18*j - 11. List the prime factors of x(u).
3, 71
Suppose 14*j + 6190 = 14*j + j. List the prime factors of j.
2, 5, 619
Let t = 35 + -24. Let w be (t - 14)*(-1 - (-1 - -1)). Suppose w*f + 1 = 4*f, 4*l - 111 = f. List the prime factors of l.
2, 7
Let r(m) = -46*m - 31*m + 123*m - 37*m + 3*m**2 - 1. What are the prime factors of r(15)?
809
Suppose 22*g + 208551 = 1964415. List the prime factors of g.
2, 3, 739
Suppose -3*w - 4*n + 3 + 14 = 0, 2*w + 2*n = 14. Let z(k) = -2*k - 8. Let d be z(w). What are the prime factors of 66/9*d/(-4)?
5, 11
Suppose 2*u = -3 + 7. Suppose 3*c - o = 968, -u*c + 2*o = -o - 636. Suppose b - c + 79 = -3*s, -5*b - 55 = -s. What are the prime factors of s?
2, 5
Suppose 16057 = -10*z + 17342 + 124315. What are the prime factors of z?
2, 5, 157
Suppose 0 = -2*f - n + 69440, -1004*f + 1000*f = 5*n - 138856. List the prime factors of f.
2, 8681
Let s be 4 + -5 + 243/(1 + -2). Let t = -96 - s. List the prime factors of t + (0 - 2)*1.
2, 73
Let z(r) = 1. Let t(i) = -437*i - 8. Let p(v) = t(v) - 5*z(v). List the prime factors of p(-1).
2, 53
Let b(l) be the third derivative of l**6/40 - 37*l**5/20 + 5*l**4/4 - l**3/2 + 152*l**2. What are the prime factors of b(37)?
3, 41
Let l = 161 + 832. Suppose -80*x + 77*x = -l. What are the prime factors of x?
331
Suppose -3*u + 5*g = 12, 5*u - 3*g = g - 20. Let w(y) = y**2 - y - 17. Let d be w(u). Suppose d*n - 2*p + 5*p = 210, -6 = 3*p. What are the prime factors of n?
2, 3
Let z(r) = 7*r**2 - 192*r + 12. What are the prime factors of z(53)?
7, 23, 59
Suppose 2*i - j - 8 = 0, -20 = 2*j + 3*j. Let g be -3 + 1 + 8 + i. Suppose -g*b = -4*b - 416. What are the prime factors of b?
2, 13
Suppose 0 = 191*h - 124*h - 610236. What are the prime factors of h?
2, 3, 11, 23
What are the prime factors of (17040/(-150))/((-14)/1715)?
2, 7, 71
Let v = 219 - -170. Suppose 3084 = 5*x + v. List the prime factors of x.
7, 11
Suppose 2*u - 4*b = -24, 5*u = 3*b - 67 + 14. Let j(s) = -s**3 - 15*s**2 + 36*s - 3. Let f be j(2). What are the prime factors of 70*f/(-4)*u?
5, 7
Let r = -1633 + 1152. Let n = r + 731. What are the prime factors of n?
2, 5
Let d be ((702/585)/(4/5))/(3/36). Let h be ((-8)/(-6))/(3/(-18)). What are the prime factors of h/(-36) + 0 + 3758/d?
11, 19
Suppose 853*q + 136170 = 868*q. What are the prime factors of q?
2, 3, 17, 89
Suppose 233128 = 4*y - 4*m, 4*y - 10*m + 12*m = 233092. What are the prime factors of y?
2, 17, 857
Let j = 7741 - 285. Suppose -14*v = 694 - j. List the prime factors of v.
3, 7, 23
Suppose -5*q = 0, 0*i - 3*q - 12374 - 15608 = -2*i. List the prime factors of i.
17, 823
Suppose 0 = -4*g + 7*g - 6. Let k be 9/g - 3 - (-3295)/10. Let i = k - 215. List the prime factors of i.
2, 29
Let x be (-6)/(-9) + 264/9. Let j be (-1684)/30 - (-4)/x. Let h = j - -70. What are the prime factors of h?
2, 7
Let k be 3 + (-2 - -5) - 1. Suppose -t - 2*m + 362 = 3*m, t - k*m - 332 = 0. List the prime factors of t.
347
Let c(u) = -2978*u + 1113. What are the prime factors of c(-12)?
3, 71, 173
Suppose -5*a - 5*s = -8